 - 5. Let s(r) = r. Let k(z) = -o(z) + 6*s(z). What is the remainder when k(l) is divided by 9?
8
Let p = -7220 + 3404. Calculate the remainder when (-2)/17 + p/(-68) is divided by 19.
18
Let j = -37 + 129. Let u = j - 62. What is the remainder when u is divided by 8?
6
Let a = -4 - -10. Let i = -15 + a. What is the remainder when 24 is divided by (-119)/(-9) - (-2)/i?
11
Suppose 5*n - s - 2*s = 0, 1 = 2*n - s. Let t = -4 + n. Calculate the remainder when 4 is divided by (-1*1)/(t/2).
0
Suppose -3*x + 11 - 2 = 0. Suppose -10 = -x*k + 50. Calculate the remainder when k is divided by 11.
9
Calculate the remainder when 2/6*(55 - -2) is divided by 7.
5
Let m = 0 + 26. Calculate the remainder when m is divided by 16.
10
Suppose -5*x = -4*x. Suppose -350 = -5*s - x*s. Suppose s = 4*p + p. Calculate the remainder when 40 is divided by p.
12
Let y = -63 - -217. Let f be (-3)/12 - y/(-8). Let i = 2 + f. Calculate the remainder when i is divided by 11.
10
Suppose 16 = w + 3*w + 4*c, -16 = -4*w + 4*c. Calculate the remainder when 9 is divided by w.
1
Suppose 0 = -5*i - q + 338, 5 = -q + 3. What is the remainder when i is divided by 23?
22
Suppose k + 9 = -6*t + 3*t, -7 = 2*t + k. Suppose -l = -4*l + 12, 42 = 5*z - 2*l. Calculate the remainder when z/5*(-24)/t is divided by 13.
11
Let q(b) = -b + 20. What is the remainder when q(-9) is divided by 11?
7
Let b = 4 - 1. Let z be 164/3 + (-2)/b. Suppose -2*c = -5*c + z. What is the remainder when c is divided by 10?
8
Let c(v) = -v**3 + 8*v**2 - 7*v - 1. Let g be c(6). Let d = g - -5. Calculate the remainder when d is divided by 18.
16
What is the remainder when ((-3)/(-3))/(5/190) is divided by 14?
10
Let y(n) = -3*n - 7. Let d(w) be the second derivative of w**4/12 + w**3 - w**2/2 + w. Let f be d(-5). What is the remainder when y(f) is divided by 4?
3
Suppose 2*f - 2 = 0, 38 = 4*u + 4*f - 6. Let i = 29 - 11. Calculate the remainder when i is divided by u.
8
Suppose -3*d = 5 - 23. What is the remainder when 14 is divided by (8 - d)*5/2?
4
Let c = -4 + 7. Suppose a + 26 = c*a. Suppose -186 = -5*y - 5*s + 4*s, -y + 46 = -2*s. What is the remainder when y is divided by a?
12
Let b(a) = -6*a - 4. Suppose 24 = y - 7. Calculate the remainder when y is divided by b(-2).
7
Let t(z) = -2*z**2 + 23*z + 16. What is the remainder when t(9) is divided by (-189)/(-12) - (-1)/4?
13
Let m = -1 - -3. Suppose 0 = -2*h - 5*c - 3876, 2*h + 2973 + 863 = 5*c. Calculate the remainder when m/9 - h/72 is divided by 14.
13
Let h = -8 + 19. Let j = h - -7. Let i = 59 - j. What is the remainder when i is divided by 21?
20
What is the remainder when 5 - 4 - 6/(-2) is divided by 3?
1
Let b(p) = 4*p - 14. Suppose 5*m + 2*r - 36 = 0, -m - 2*r - 2*r = -18. Calculate the remainder when 29 is divided by b(m).
9
Calculate the remainder when (16/10)/(3/60) + 1 is divided by 9.
6
Let z be (-10)/(-2) - (-1 + 2). Suppose -f = -r - 3*f + 22, z*f - 92 = -5*r. Calculate the remainder when r is divided by 6.
4
Let h(y) = y**2 + 5*y - 1. Suppose 0 = 2*f - f + 6. Let m be h(f). Suppose w = c + 31, -m = -4*c + 11. What is the remainder when w is divided by 12?
11
Calculate the remainder when 121 is divided by 43/(-9) + 5 + 554/18.
28
Let f = 9 + -6. Suppose -p - 9 = -11. Calculate the remainder when f is divided by p.
1
Let m = 16 + -27. Let c(n) = -2*n - 16. Calculate the remainder when 22 is divided by c(m).
4
Calculate the remainder when (1*-2)/(9/(-171)) is divided by 14.
10
Suppose -9*g + 12*g - 51 = 0. What is the remainder when 43 is divided by (3 - (3 - -2)) + g?
13
Calculate the remainder when 21 is divided by (-126)/(-15) - 6/15.
5
Let u(g) = -g**3 + 18*g**2 + 2*g - 5. Calculate the remainder when 61 is divided by u(18).
30
Suppose 7*q - 94 = 116. What is the remainder when q is divided by 4?
2
Let w(o) = 2*o**3 - o**2 - 4*o + 3. Let b be w(3). Suppose d = -d + b. Calculate the remainder when 34 is divided by d.
16
Suppose -3*t - 4*b - 41 = -8*t, 5*t - 46 = -b. Let y be (-51)/(((-6)/2)/3). Calculate the remainder when (-1)/((-3)/y) + 0 is divided by t.
8
Let p = 32 + -26. Calculate the remainder when 16 is divided by p.
4
What is the remainder when 179 is divided by ((-72)/(-14))/(10/(-70)*-2)?
17
Let t be 12 + -2 + (-3 - -5). Suppose a = -5*s + 38, -a - 5*s + t = -2*a. Let l = 113 - 63. Calculate the remainder when l is divided by a.
11
Let j be (2/3)/((-2)/(-9)). Suppose 4*i = -16, -4*v - j*i + 0*i + 12 = 0. Calculate the remainder when ((-2)/6)/((-1)/33) is divided by v.
5
Let v = 4 - 7. Calculate the remainder when 0 - v - -10*1 is divided by -3 - (-1)/((-1)/(-8)).
3
Let m = -1 - -6. Suppose h - m*x = -9, -6*h + 43 = -h - 3*x. Let v(y) = -20*y. Calculate the remainder when v(-1) is divided by h.
9
Suppose 0 = 4*f - 0*f - 104. Let d = -15 + f. Calculate the remainder when 21 is divided by d.
10
Calculate the remainder when 463/7 + (-4)/28 is divided by 19.
9
What is the remainder when 94 is divided by (98/(-3))/((-5)/((-105)/(-14)))?
45
Let h(f) = f + 8. Let t = -12 - -24. Suppose 2*b - t = 5*b. What is the remainder when 6 is divided by h(b)?
2
Let k be (497/(-14))/((-3)/6 - 0). Let c be ((-7)/3)/(1/18). Let q = c + k. Calculate the remainder when q is divided by 8.
5
Let z(k) = 7*k**3 - 2*k**2 + 1. Let d be z(1). Suppose -2 = -s + g - 3*g, 3*s - d = 3*g. What is the remainder when 3 is divided by s?
1
Suppose 2*k + k = -4*j - 14, j - 2 = 2*k. Let a be (-52 - 0)/j + 2. Suppose -a = -6*n + 2*n. Calculate the remainder when 19 is divided by n.
5
Let d = 5 + -3. Let l = 23 + -14. What is the remainder when (-24)/(2 + (-7)/d) is divided by l?
7
Let x = -1 - -10. Let v = x + -2. What is the remainder when v is divided by 5?
2
Suppose 146 = -4*v - 2*a, 4*a = 4 - 0. Let y = -5 - v. What is the remainder when y is divided by 17?
15
Suppose 4*n + 2*a = 22, -6*a + 7 = n - 4*a. Let d = 4 + n. Suppose 0 = -2*l + d - 1. Calculate the remainder when l is divided by 3.
1
Let y(k) = k**3 - 5*k**2 + 5. Let c be y(5). Suppose 2*g + 5*u - 9 = 0, 25 = c*g - u - 38. Calculate the remainder when 21 is divided by g.
9
Suppose -16 = b + 21. Suppose 2*g + 1 + 1 = 0. What is the remainder when 4/(-8)*(b + g) is divided by 10?
9
Let w(k) = -k**2 - 7*k - 7. Let v be w(-5). Suppose 0 = v*n - 7*n + 32. What is the remainder when 21 is divided by n?
5
Let n = 26 + 2. Let x = 3 + -3. Suppose x = -5*a + 43 + 32. What is the remainder when n is divided by a?
13
Let b = 50 - -15. Suppose -g - c = -2*c - 5, 5*c = -4*g + b. Calculate the remainder when 27 is divided by g.
7
Suppose 3*y - 4 = 4*y. Let o = y + 6. Calculate the remainder when 5 is divided by o.
1
Let f = 96 - 56. Calculate the remainder when f is divided by 21.
19
Let n = -77 + 92. What is the remainder when 74 is divided by n?
14
Suppose -i + 4*i = 21. What is the remainder when i is divided by 3?
1
Suppose -2*a + 183 = -i + 6*i, 5*i = -3*a + 182. Calculate the remainder when 73 is divided by i.
36
Let t = -2 + 5. Suppose b + t - 6 = k, 0 = k - 5. What is the remainder when b is divided by 5?
3
Suppose 2*s = 4*v + 28, -3*s + 2*v = -9 - 29. What is the remainder when s is divided by 2?
0
Let w be -1*(-2 + 1) + 16. Suppose -4*c - 19 - w = 0. Let j = 20 - c. Calculate the remainder when j is divided by 15.
14
Suppose 0*c + c - 3 = 0. Let h = -1 + c. Let d(s) = 5*s. Calculate the remainder when 29 is divided by d(h).
9
Suppose -5*a = -10*a + 45. What is the remainder when 24 is divided by a?
6
Suppose -5*j - m + 211 = 0, 3*m = 3*j + 2*m - 133. Calculate the remainder when j is divided by 11.
10
Let t = -4 + 6. Suppose 2*y + x = -y + 102, -t*x = 2*y - 64. Calculate the remainder when y is divided by 12*-2*(-1)/2.
11
Let n(x) be the third derivative of x**5/12 + x**4/12 - x**3/3 - 2*x**2. Let j = -23 - -21. What is the remainder when 39 is divided by n(j)?
11
Let g(p) = -p**3 + 10*p**2 + 13*p - 12. Let z be g(11). Suppose -2*v + 3*s + 14 = -2*s, 2*s = 3*v - z. What is the remainder when 4 is divided by v?
0
Suppose 3*b = 4*u - 7*u + 21, b - 3*u = -9. Suppose b*m + 2*m - 70 = 0. Calculate the remainder when 25 is divided by m.
11
Let f = 4 + 1. Suppose -2*h + 8 = 2*y - 24, 0 = -f*h - y + 80. Calculate the remainder when 4/3*(-135)/(-6) is divided by h.
14
Suppose 4*d = -1 - 7. Let w be -1*-3*d/3. What is the remai